{"id":12,"date":"2017-02-20T17:17:10","date_gmt":"2017-02-20T16:17:10","guid":{"rendered":"http:\/\/fshds.fr\/2017\/?page_id=12"},"modified":"2025-11-17T10:58:16","modified_gmt":"2025-11-17T09:58:16","slug":"les-societes-affilies","status":"publish","type":"page","link":"https:\/\/fshds.fr\/site\/les-societes-affilies\/","title":{"rendered":"Les soci\u00e9t\u00e9s affili\u00e9es"},"content":{"rendered":"\n<h4 class=\"wp-block-heading has-text-align-center\" id=\"les-societes\">Pour avoir davantage de renseignements sur les soci\u00e9t\u00e9s affili\u00e9es, cliquez sur les ic\u00f4nes ci-dessous :<\/h4>\n\n\n\n<div style=\"height:29px\" aria-hidden=\"true\" class=\"wp-block-spacer\"><\/div>\n\n\n\n<div class=\"wp-block-column is-layout-flow wp-block-column-is-layout-flow\">\n<div class=\"wp-block-columns is-layout-flex wp-container-core-columns-is-layout-9d6595d7 wp-block-columns-is-layout-flex\">\n<div class=\"wp-block-column is-vertically-aligned-top is-layout-flow wp-block-column-is-layout-flow\" style=\"flex-basis:150px\"><div class=\"iheg-wrapper\"><div class=\"eihe-box eihe-fade\" style=\"background: rgba(0,0,0,1);border-radius:0px 0px 0px 0px;\"><img decoding=\"async\" src=\"https:\/\/fshds.fr\/site\/wp-content\/uploads\/2022\/08\/niort.jpg\" alt=\"\"\/><div class=\"eihe-caption\" style=\"background: rgba(0,0,0,1);padding:10px 10px 10px 10px;\"><div class=\"eihe-title-cover\"><h3 style=\"color: rgba(255,255,255,1);font-size: 30px;\" class=\"eihe-title\"><a href=\"https:\/\/fshds.fr\/site\/les-societes-affilies\/shsds-societe-historique-et-scientifique-des-deux-sevres\/\">SHSDS<\/a><\/h3>\t<\/div><p style=\"color: rgba(255,255,255,1);font-size: 16px;\"><a href=\"https:\/\/fshds.fr\/site\/les-societes-affilies\/shsds-societe-historique-et-scientifique-des-deux-sevres\/\">Soci\u00e9t\u00e9 Historique et Scientifique des Deux-S\u00e8vres<\/a><\/p><\/div><\/div><\/div>\n\n\n<p class=\"has-text-align-center has-small-font-size\"><strong>SHSDS<\/strong> <br>Soci\u00e9t\u00e9 Historique <br>et Scientifique des <br>Deux-S\u00e8vres<br><br>_<\/p>\n\n\n<div class=\"iheg-wrapper\"><div class=\"eihe-box eihe-fade\" style=\"background: rgba(0,0,0,1);border-radius:0px 0px 0px 0px;\"><img decoding=\"async\" src=\"https:\/\/fshds.fr\/site\/wp-content\/uploads\/2022\/08\/melle.jpg\" alt=\"\"\/><div class=\"eihe-caption\" style=\"background: rgba(0,0,0,1);padding:10px 10px 10px 10px;\"><div class=\"eihe-title-cover\"><h3 style=\"color: rgba(255,255,255,1);font-size: 30px;\" class=\"eihe-title\"><a href=\"https:\/\/fshds.fr\/site\/les-societes-affilies\/societe-historique-et-speleologique-du-pays-mellois\/\" data-type=\"page\" data-id=\"82\">SHM<\/a><\/h3>\t<\/div><p style=\"color: rgba(255,255,255,1);font-size: 16px;\"><a href=\"https:\/\/fshds.fr\/site\/les-societes-affilies\/societe-historique-et-speleologique-du-pays-mellois\/\">Soci\u00e9t\u00e9 d&rsquo;Histoire et d&rsquo;Arch\u00e9ologie de Melle et du Pays Mellois<\/a><\/p><\/div><\/div><\/div>\n\n\n<p class=\"has-text-align-center has-small-font-size\"><strong>SHM<\/strong><br>Soci\u00e9t\u00e9 d&rsquo;Histoire et d&rsquo;Arch\u00e9ologie de Melle et du Pays Mellois<br><br>_<\/p>\n\n\n<div class=\"iheg-wrapper\"><div class=\"eihe-box eihe-fade\" style=\"background: rgba(0,0,0,1);border-radius:0px 0px 0px 0px;\"><img decoding=\"async\" src=\"https:\/\/fshds.fr\/site\/wp-content\/uploads\/2022\/07\/genea79.jpg\" alt=\"\"\/><div class=\"eihe-caption\" style=\"background: rgba(0,0,0,1);padding:10px 10px 10px 10px;\"><div class=\"eihe-title-cover\"><h3 style=\"color: rgba(255,255,255,1);font-size: 30px;\" class=\"eihe-title\"><a href=\"https:\/\/fshds.fr\/site\/les-societes-affilies\/genea79-cercle-genealogique-des-deux-sevres\/\">G\u00e9n\u00e9a79<\/a><\/h3>\t<\/div><p style=\"color: rgba(255,255,255,1);font-size: 16px;\"><a href=\"https:\/\/fshds.fr\/site\/les-societes-affilies\/genea79-cercle-genealogique-des-deux-sevres\/\">Cercle g\u00e9n\u00e9alogique des Deux-S\u00e8vres<\/a><\/p><\/div><\/div><\/div>\n\n\n<p class=\"has-text-align-center has-small-font-size\"><strong>GENEA79<\/strong><br>Cercle g\u00e9n\u00e9alogique des Deux-S\u00e8vres<br><\/p>\n<\/div>\n\n\n\n<div class=\"wp-block-column is-layout-flow wp-block-column-is-layout-flow\"><\/div>\n\n\n\n<div class=\"wp-block-column is-vertically-aligned-top is-layout-flow wp-block-column-is-layout-flow\" style=\"flex-basis:150px\"><div class=\"iheg-wrapper\"><div class=\"eihe-box eihe-fade\" style=\"background: #000;border-radius:0px 0px 0px 0px;\"><img decoding=\"async\" src=\"https:\/\/fshds.fr\/site\/wp-content\/uploads\/2022\/07\/bressuire.jpg\" alt=\"\"\/><div class=\"eihe-caption\" style=\"background: #000;padding:10px 10px 10px 10px;\"><div class=\"eihe-title-cover\"><h3 style=\"font-size: 30px;\" class=\"eihe-title\"><a href=\"https:\/\/fshds.fr\/site\/les-societes-affilies\/histoire-et-patrimoine-du-bressuirais\/\" data-type=\"page\" data-id=\"78\">HPB<\/a><\/h3>\t<\/div><p style=\"font-size: 16px;\"><a href=\"https:\/\/fshds.fr\/site\/les-societes-affilies\/histoire-et-patrimoine-du-bressuirais\/\" data-type=\"page\" data-id=\"78\" target=\"_blank\" rel=\"noreferrer noopener\">Histoire et Patrimoine du Bressuirais<\/a><\/p><\/div><\/div><\/div>\n\n\n<p class=\"has-text-align-center has-small-font-size\"><strong>HPB<\/strong> <br>Histoire et Patrimoine du Bressuirais<br><br><br>_<\/p>\n\n\n<div class=\"iheg-wrapper\"><div class=\"eihe-box eihe-fade\" style=\"background: rgba(253,250,250,1);border-radius:0px 0px 0px 0px;\"><img decoding=\"async\" src=\"https:\/\/fshds.fr\/site\/wp-content\/uploads\/2025\/06\/SHAVS-ter.png\" alt=\"Logo SHAVS\"\/><div class=\"eihe-caption\" style=\"background: rgba(253,250,250,1);padding:10px 10px 10px 10px;\"><div class=\"eihe-title-cover\"><h3 style=\"font-size: 30px;\" class=\"eihe-title\"><a href=\"https:\/\/fshds.fr\/site\/les-societes-affilies\/shvds-societe-historique-et-archeologique-du-val-de-sevre\/\" data-type=\"page\" data-id=\"83\">SHAVDS<\/a><\/h3>\t<\/div><p style=\"font-size: 16px;\"><a href=\"https:\/\/fshds.fr\/site\/les-societes-affilies\/shvds-societe-historique-et-archeologique-du-val-de-sevre\/\">Soci\u00e9t\u00e9 Historique et Arch\u00e9ologique du Val de S\u00e8vre<\/a><\/p><\/div><\/div><\/div>\n\n\n<p class=\"has-text-align-center has-small-font-size\"><strong>SHAVS<br><\/strong>Soci\u00e9t\u00e9 Historique et Arch\u00e9ologique du <br>Val de S\u00e8vre<br><br>_<\/p>\n\n\n<div class=\"iheg-wrapper\"><div class=\"eihe-box eihe-fade\" style=\"background: #000;border-radius:0px 0px 0px 0px;\"><img decoding=\"async\" src=\"https:\/\/fshds.fr\/site\/wp-content\/uploads\/2023\/10\/logo-beceleuf_page-0001-scaled.jpg\" alt=\"\"\/><div class=\"eihe-caption\" style=\"background: #000;\"><div class=\"eihe-title-cover\"><h3 class=\"eihe-title\"><kbd>HPBe<\/kbd><\/h3>\t<\/div><p><a href=\"https:\/\/fshds.fr\/site\/les-societes-affilies\/hpbe\/\"><kbd>Histoire et Patrimoine de B\u00e9celeuf et des environs<\/kbd><\/a><\/p><\/div><\/div><\/div>\n\n\n<p class=\"has-text-align-center has-small-font-size\"><strong>HPBE<\/strong><br>Histoire et Patrimoine de B\u00e9celeuf et des Environs<\/p>\n<\/div>\n\n\n\n<div class=\"wp-block-column is-layout-flow wp-block-column-is-layout-flow\"><\/div>\n\n\n\n<div class=\"wp-block-column is-vertically-aligned-top is-layout-flow wp-block-column-is-layout-flow\" style=\"flex-basis:150px\"><div class=\"iheg-wrapper\"><div class=\"eihe-box eihe-fade\" style=\"background: #000;border-radius:0px 0px 0px 0px;\"><img decoding=\"async\" src=\"https:\/\/fshds.fr\/site\/wp-content\/uploads\/2022\/07\/mauze.jpg\" alt=\"\"\/><div class=\"eihe-caption\" style=\"background: #000;padding:10px 10px 10px 10px;\"><div class=\"eihe-title-cover\"><h3 style=\"font-size: 30px;\" class=\"eihe-title\"><a href=\"https:\/\/fshds.fr\/site\/les-societes-affilies\/societe-mauzeenne-dhistore-locale\/\" data-type=\"page\" data-id=\"79\">SMHG<\/a><\/h3>\t<\/div><p style=\"font-size: 16px;\"><a href=\"https:\/\/fshds.fr\/site\/les-societes-affilies\/societe-mauzeenne-dhistore-locale\/\" data-type=\"page\" data-id=\"79\">Soci\u00e9t\u00e9 Mauz\u00e9enne Histoire et G\u00e9n\u00e9alogie<\/a><\/p><\/div><\/div><\/div>\n\n\n<p class=\"has-text-align-center has-small-font-size\"><strong>SMHG<br><\/strong>Soci\u00e9t\u00e9 Mauz\u00e9enne Histoire et G\u00e9n\u00e9alogie<br><br><br>_<\/p>\n\n\n<div class=\"iheg-wrapper\"><div class=\"eihe-box eihe-fade\" style=\"background: #000;border-radius:0px 0px 0px 0px;\"><img decoding=\"async\" src=\"https:\/\/fshds.fr\/site\/wp-content\/uploads\/2022\/08\/thouars.jpg\" alt=\"\"\/><div class=\"eihe-caption\" style=\"background: #000;padding:10px 10px 10px 10px;\"><div class=\"eihe-title-cover\"><h3 style=\"font-size: 30px;\" class=\"eihe-title\"><a href=\"https:\/\/fshds.fr\/site\/les-societes-affilies\/shapt-societe-historique-et-archeologique-du-pays-thouarsais\/\" data-type=\"page\" data-id=\"81\">SHAAPT<\/a><\/h3>\t<\/div><p style=\"font-size: 16px;line-height: 18px;\"><a href=\"https:\/\/fshds.fr\/site\/les-societes-affilies\/shapt-societe-historique-et-archeologique-du-pays-thouarsais\/\">Soci\u00e9t\u00e9 d\u2019Histoire, d\u2019Arch\u00e9ologie et des Arts du Pays Thouarsais<\/a><\/p><\/div><\/div><\/div>\n\n\n<p class=\"has-text-align-center has-small-font-size\"><strong>SHAAPT<\/strong><br>Soci\u00e9t\u00e9 d\u2019Histoire, d\u2019Arch\u00e9ologie et des Arts du Pays Thouarsais<\/p>\n\n\n\n<p class=\"has-text-align-center has-small-font-size\">&#8211;<\/p>\n\n\n<div class=\"iheg-wrapper\"><div class=\"eihe-box eihe-fade\" style=\"background: #000;border-radius:0px 0px 0px 0px;\"><img decoding=\"async\" src=\"https:\/\/fshds.fr\/site\/wp-content\/uploads\/2022\/08\/Bloc-marque-goutte-bleu.jpg\" alt=\"\"\/><div class=\"eihe-caption\" style=\"background: #000;align-items: flex-start;padding:10px 10px 10px 10px;\"><div class=\"eihe-title-cover\"><h3 style=\"font-size: 30px;\" class=\"eihe-title\">ADDS<\/h3>\t<\/div><p style=\"font-size: 16px;\"><a href=\"https:\/\/fshds.fr\/site\/les-societes-affilies\/shapt-societe-historique-et-archeologique-du-pays-thouarsais\/\"><a rel=\"noreferrer noopener\" href=\"https:\/\/archives-deux-sevres-vienne.fr\/\" target=\"_blank\">Archives d\u00e9partementales des Deux-S\u00e8vres<\/a><\/a><\/p><\/div><\/div><\/div>\n\n\n<p class=\"has-text-align-center has-small-font-size\"><strong>Archives d\u00e9partementales des Deux-S\u00e8vres<\/strong><\/p>\n<\/div>\n\n\n\n<div class=\"wp-block-column is-layout-flow wp-block-column-is-layout-flow\"><\/div>\n\n\n\n<div class=\"wp-block-column is-vertically-aligned-top is-layout-flow wp-block-column-is-layout-flow\" style=\"flex-basis:150px\"><div class=\"iheg-wrapper\"><div class=\"eihe-box eihe-fade\" style=\"background: #000;border-radius:0px 0px 0px 0px;\"><img decoding=\"async\" src=\"https:\/\/fshds.fr\/site\/wp-content\/uploads\/2022\/07\/mauleon.jpg\" alt=\"\"\/><div class=\"eihe-caption\" style=\"background: #000;padding:10px 10px 10px 10px;\"><div class=\"eihe-title-cover\"><h3 style=\"font-size: 30px;\" class=\"eihe-title\"><a href=\"https:\/\/fshds.fr\/site\/les-societes-affilies\/bureau-de-recherches-historique-et-archeologiques-du-mauleonnais\/\" data-type=\"page\" data-id=\"99\">BRHAM<\/a><\/h3>\t<\/div><p style=\"font-size: 16px;line-height: 14px;\"><a href=\"https:\/\/fshds.fr\/site\/les-societes-affilies\/bureau-de-recherches-historique-et-archeologiques-du-mauleonnais\/\" data-type=\"page\" data-id=\"99\">Bureau de Recherches Historiques et Arch\u00e9ologiques du Maul\u00e9onnais<\/a><\/p><\/div><\/div><\/div>\n\n\n<p class=\"has-text-align-center has-small-font-size\"><strong>BRHAM<\/strong><br>Bureau de Recherches Historiques et Arch\u00e9ologiques du Maul\u00e9onnais<br>_<\/p>\n\n\n<div class=\"iheg-wrapper\"><div class=\"eihe-box eihe-fade\" style=\"background: #000;border-radius:0px 0px 0px 0px;\"><img decoding=\"async\" src=\"https:\/\/fshds.fr\/site\/wp-content\/uploads\/2022\/08\/parthenay.jpg\" alt=\"\"\/><div class=\"eihe-caption\" style=\"background: #000;padding:10px 10px 10px 10px;\"><div class=\"eihe-title-cover\"><h3 style=\"font-size: 30px;\" class=\"eihe-title\"><a href=\"https:\/\/fshds.fr\/site\/les-societes-affilies\/societe-historique-de-parthenay-a-du-pays-de-gatine\/\" data-type=\"page\" data-id=\"74\">SH2PG<\/a><\/h3>\t<\/div><p style=\"font-size: 16px;line-height: 18px;\"><strong><a href=\"https:\/\/fshds.fr\/site\/les-societes-affilies\/societe-historique-de-parthenay-a-du-pays-de-gatine\/\" data-type=\"page\" data-id=\"74\">Soci\u00e9t\u00e9 Historique de Parthenay &amp; du Pays de G\u00e2tine<\/a><\/strong><\/p><\/div><\/div><\/div>\n\n\n<p class=\"has-text-align-center has-small-font-size\"><strong>SHPG<\/strong><br>Soci\u00e9t\u00e9 Historique de Parthenay et du <br>Pays de G\u00e2tine<\/p>\n\n\n\n<p class=\"has-text-align-center has-small-font-size\">&#8211;<\/p>\n\n\n<div class=\"iheg-wrapper\"><div class=\"eihe-box eihe-fade\" style=\"background: #000;border-radius:0px 0px 0px 0px;\"><img decoding=\"async\" src=\"https:\/\/fshds.fr\/site\/wp-content\/uploads\/2025\/04\/logo-sm.jpg\" alt=\"\"\/><div class=\"eihe-caption\" style=\"background: #000;\"><div class=\"eihe-title-cover\"><h3 class=\"eihe-title\">SM<\/h3>\t<\/div><p><a href=\"https:\/\/fshds.fr\/site\/les-societes-affilies\/sanctus-maixentus\/\" data-type=\"page\" data-id=\"3813\" target=\"_blank\" rel=\"noreferrer noopener\">Sanctus Maixentus<\/a><\/p><\/div><\/div><\/div>\n\n\n<div class=\"wp-block-group is-vertical is-content-justification-center is-layout-flex wp-container-core-group-is-layout-4b2eccd6 wp-block-group-is-layout-flex\">\n<p class=\"has-text-align-center has-small-font-size\"><strong>SM<\/strong><\/p>\n\n\n\n<p class=\"has-text-align-center has-small-font-size\">Sanctus Maixentus<\/p>\n<\/div>\n<\/div>\n<\/div>\n<\/div>\n\n\n\n<div class=\"wp-block-columns is-layout-flex wp-container-core-columns-is-layout-9d6595d7 wp-block-columns-is-layout-flex\">\n<div class=\"wp-block-column is-layout-flow wp-block-column-is-layout-flow\" style=\"flex-basis:100%\">\n<p class=\"has-text-align-center\"><\/p>\n\n\n\n<div class=\"wp-block-columns is-layout-flex wp-container-core-columns-is-layout-9d6595d7 wp-block-columns-is-layout-flex\">\n<div class=\"wp-block-column is-vertically-aligned-top is-layout-flow wp-block-column-is-layout-flow\" style=\"flex-basis:150px\">\n<p class=\"has-text-align-center has-small-font-size\"><br><br><br><\/p>\n<\/div>\n\n\n\n<div class=\"wp-block-column is-layout-flow wp-block-column-is-layout-flow\"><\/div>\n\n\n\n<div class=\"wp-block-column is-layout-flow wp-block-column-is-layout-flow\"><\/div>\n\n\n\n<div class=\"wp-block-column is-layout-flow wp-block-column-is-layout-flow\" style=\"flex-basis:150px\">\n<p class=\"has-text-align-center has-small-font-size\"><\/p>\n<\/div>\n\n\n\n<div class=\"wp-block-column is-layout-flow wp-block-column-is-layout-flow\"><\/div>\n<\/div>\n<\/div>\n<\/div>\n\n\n\n<div class=\"wp-block-columns is-layout-flex wp-container-core-columns-is-layout-9d6595d7 wp-block-columns-is-layout-flex\">\n<div class=\"wp-block-column is-vertically-aligned-top is-layout-flow wp-block-column-is-layout-flow\" style=\"flex-basis:150px\"><div class=\"iheg-wrapper\"><div class=\"eihe-box eihe-fade\" style=\"background: rgba(0,0,0,1);border-radius:0px 0px 0px 0px;\"><img decoding=\"async\" src=\"https:\/\/fshds.fr\/site\/wp-content\/uploads\/2025\/05\/logologo-HP-de-Secondigny-4.png\" alt=\"logo Histoire et Patrimoine de Secondigny\"\/><div class=\"eihe-caption\" style=\"background: rgba(0,0,0,1);padding:10px 10px 10px 10px;\"><div class=\"eihe-title-cover\"><h3 style=\"color: rgba(255,255,255,1);font-size: 30px;\" class=\"eihe-title\">HPS<\/h3>\t<\/div><p style=\"color: rgba(255,255,255,1);font-size: 16px;\"><a href=\"https:\/\/fshds.fr\/site\/histoire-et-patrimoine-de-secondigny\/\">Histoire et Patrimoine de Secondigny en G\u00e2tine<\/a><\/p><\/div><\/div><\/div>\n\n\n<p class=\"has-text-align-center has-small-font-size\"><strong>HPS<\/strong><br>Histoire et Patrimoine de Secondigny en G\u00e2tine<br><br><br><\/p>\n<\/div>\n\n\n\n<div class=\"wp-block-column is-layout-flow wp-block-column-is-layout-flow\"><\/div>\n\n\n\n<div class=\"wp-block-column is-vertically-aligned-top is-layout-flow wp-block-column-is-layout-flow\" style=\"flex-basis:150px\"><div class=\"iheg-wrapper\"><div class=\"eihe-box eihe-fade\" style=\"background: #000;border-radius:0px 0px 0px 0px;\"><img decoding=\"async\" src=\"https:\/\/fshds.fr\/site\/wp-content\/uploads\/2025\/05\/Logo-RPP.jpg\" alt=\"Logo Richesse et Protection du Patrimoine\"\/><div class=\"eihe-caption\" style=\"background: #000;\"><div class=\"eihe-title-cover\"><h3 class=\"eihe-title\">RPP<\/h3>\t<\/div><p><a href=\"https:\/\/fshds.fr\/site\/richesse-et-protection-du-patrimoine-airvault-saint-loup\/\">Richesse et Protection du Patrimoine<\/a><\/p><\/div><\/div><\/div>\n\n\n<p class=\"has-text-align-center has-small-font-size\"><strong>RPP<\/strong>  Richesse et Protection du Patrimoine Airvault-Saint-Loup<\/p>\n<\/div>\n\n\n\n<div class=\"wp-block-column is-layout-flow wp-block-column-is-layout-flow\"><\/div>\n\n\n\n<div class=\"wp-block-column is-vertically-aligned-top is-layout-flow wp-block-column-is-layout-flow\" style=\"flex-basis:150px\">\n<p class=\"has-text-align-center has-small-font-size\"><\/p>\n<\/div>\n\n\n\n<div class=\"wp-block-column is-layout-flow wp-block-column-is-layout-flow\"><\/div>\n\n\n\n<div class=\"wp-block-column is-vertically-aligned-top is-layout-flow wp-block-column-is-layout-flow\" style=\"flex-basis:150px\">\n<p class=\"has-text-align-center has-small-font-size\"><\/p>\n\n\n\n<p class=\"has-text-align-center has-small-font-size\">&#8211;<\/p>\n\n\n\n<div class=\"wp-block-group is-vertical is-content-justification-center is-layout-flex wp-container-core-group-is-layout-4b2eccd6 wp-block-group-is-layout-flex\">\n<p class=\"has-text-align-center has-small-font-size\"><\/p>\n<\/div>\n<\/div>\n<\/div>\n\n\n\n<p><\/p>\n","protected":false},"excerpt":{"rendered":"<p>Pour avoir davantage de renseignements sur les soci\u00e9t\u00e9s affili\u00e9es, cliquez sur les ic\u00f4nes ci-dessous : SHSDS Soci\u00e9t\u00e9 Historique et Scientifique des Deux-S\u00e8vres _ SHMSoci\u00e9t\u00e9 d&rsquo;Histoire et d&rsquo;Arch\u00e9ologie de Melle et du Pays Mellois _ GENEA79Cercle g\u00e9n\u00e9alogique des Deux-S\u00e8vres HPB Histoire et Patrimoine du Bressuirais _ SHAVSSoci\u00e9t\u00e9 Historique et Arch\u00e9ologique du Val de S\u00e8vre _ HPBEHistoire&hellip; <br \/> <a class=\"read-more\" href=\"https:\/\/fshds.fr\/site\/les-societes-affilies\/\">Lire la suite<\/a><\/p>\n","protected":false},"author":1,"featured_media":0,"parent":0,"menu_order":0,"comment_status":"closed","ping_status":"closed","template":"","meta":{"_seopress_robots_primary_cat":"","_seopress_titles_title":"","_seopress_titles_desc":"","_seopress_robots_index":"","footnotes":""},"class_list":["post-12","page","type-page","status-publish","hentry"],"_links":{"self":[{"href":"https:\/\/fshds.fr\/site\/wp-json\/wp\/v2\/pages\/12","targetHints":{"allow":["GET"]}}],"collection":[{"href":"https:\/\/fshds.fr\/site\/wp-json\/wp\/v2\/pages"}],"about":[{"href":"https:\/\/fshds.fr\/site\/wp-json\/wp\/v2\/types\/page"}],"author":[{"embeddable":true,"href":"https:\/\/fshds.fr\/site\/wp-json\/wp\/v2\/users\/1"}],"replies":[{"embeddable":true,"href":"https:\/\/fshds.fr\/site\/wp-json\/wp\/v2\/comments?post=12"}],"version-history":[{"count":112,"href":"https:\/\/fshds.fr\/site\/wp-json\/wp\/v2\/pages\/12\/revisions"}],"predecessor-version":[{"id":4247,"href":"https:\/\/fshds.fr\/site\/wp-json\/wp\/v2\/pages\/12\/revisions\/4247"}],"wp:attachment":[{"href":"https:\/\/fshds.fr\/site\/wp-json\/wp\/v2\/media?parent=12"}],"curies":[{"name":"wp","href":"https:\/\/api.w.org\/{rel}","templated":true}]}}