{"id":108,"date":"2010-10-07T19:13:48","date_gmt":"2010-10-07T17:13:48","guid":{"rendered":"http:\/\/fshds.fr\/2017\/historique\/"},"modified":"2025-11-17T11:19:08","modified_gmt":"2025-11-17T10:19:08","slug":"historique","status":"publish","type":"page","link":"https:\/\/fshds.fr\/site\/historique\/","title":{"rendered":"Historique"},"content":{"rendered":"\n<div style=\"height:28px\" aria-hidden=\"true\" class=\"wp-block-spacer\"><\/div>\n\n\n\n<p><img loading=\"lazy\" decoding=\"async\" class=\"alignnone size-full wp-image-248\" style=\"margin: 10px; float: left;\" src=\"http:\/\/fshds.fr\/2017\/1657266404342\/wp-content\/uploads\/2017\/02\/sans-titre.jpg\" alt=\"\" width=\"171\" height=\"206\"><span style=\"font-size: 14px;\">La <strong>F\u00e9d\u00e9ration des Soci\u00e9t\u00e9s Savantes et Culturelles des Deux-S\u00e8vres<\/strong> est n\u00e9e officiellement le 24 avril 1968. Elle est l\u2019\u0153uvre du <strong>Dr Louis MERLE<\/strong>, qui \u00e9tait \u00e0 l&rsquo;\u00e9poque pr\u00e9sident de la Soci\u00e9t\u00e9 Historique et Scientifique des Deux-S\u00e8vres.<\/span><\/p>\n\n\n\n<p><span style=\"font-size: 14px;\">La philosophie de cette F\u00e9d\u00e9ration est alors de promouvoir et de coordonner les activit\u00e9s des soci\u00e9t\u00e9s qui lui sont affili\u00e9es. Elle organise tous les ans une Journ\u00e9e de l&rsquo;Histoire en Deux-S\u00e8vres (autrefois appel\u00e9e congr\u00e8s d\u00e9partemental) , et facilite la publication des travaux des soci\u00e9t\u00e9s f\u00e9d\u00e9r\u00e9es.<\/span><\/p>\n\n\n\n<p><span style=\"font-size: 14px;\">Divers pr\u00e9sidents se sont succ\u00e9d\u00e9 \u00e0 la t\u00eate de la F\u00e9d\u00e9ration depuis plus de 50 ans :<\/span><\/p>\n\n\n\n<div style=\"height:64px\" aria-hidden=\"true\" class=\"wp-block-spacer\"><\/div>\n\n\n\n<figure class=\"wp-block-table\"><table><tbody><tr><td class=\"has-text-align-center\" data-align=\"center\"><img loading=\"lazy\" decoding=\"async\" class=\"alignnone  wp-image-1383\" src=\"http:\/\/fshds.fr\/2017\/1657266404342\/wp-content\/uploads\/2010\/10\/De-La-Coste-Messeli\u00e8re.jpg\" alt=\"\" width=\"113\" height=\"147\"><\/td><td class=\"has-text-align-left\" data-align=\"left\"><span style=\"font-size: 14px;\">Ren\u00e9 de LA COSTE-MESSELIERE <\/span><br><span style=\"font-size: 14px;\">(1968 &#8211; ?)<\/span><\/td><td class=\"has-text-align-center\" data-align=\"center\"><img loading=\"lazy\" decoding=\"async\" class=\"alignnone size-full wp-image-248\" src=\"http:\/\/fshds.fr\/2017\/1657266404342\/wp-content\/uploads\/2017\/02\/sans-titre.jpg\" alt=\"\" width=\"112\" height=\"134\"><\/td><td>Louis MERLE (? -1973)<\/td><\/tr><tr><td class=\"has-text-align-center\" data-align=\"center\"><\/td><td class=\"has-text-align-left\" data-align=\"left\">Jean DORAY (1973-1984)<\/td><td class=\"has-text-align-center\" data-align=\"center\"><img loading=\"lazy\" decoding=\"async\" src=\"http:\/\/fshds.fr\/2017\/1657266404342\/wp-content\/uploads\/2017\/02\/merle-001.jpg\" alt=\"\" width=\"110\" height=\"118\"><\/td><td>Charles MERLE (1984-1995)<\/td><\/tr><tr><td class=\"has-text-align-center\" data-align=\"center\">&nbsp;<\/td><td class=\"has-text-align-left\" data-align=\"left\">Jean-Louis MARQUETEAU (1996-1997)<\/td><td class=\"has-text-align-center\" data-align=\"center\"><img loading=\"lazy\" decoding=\"async\" src=\"http:\/\/fshds.fr\/2017\/1657266404342\/wp-content\/uploads\/2017\/02\/langavant.jpg\" alt=\"\" width=\"107\" height=\"135\"><\/td><td>G\u00e9rard CLERET de LANGAVANT (1997-1998)<\/td><\/tr><tr><td class=\"has-text-align-center\" data-align=\"center\"><img decoding=\"async\" src=\"http:\/\/fshds.fr\/2017\/1657266404342\/wp-content\/uploads\/2017\/02\/fruchard.jpg\" alt=\"\" style=\"width: 120px;\"><\/td><td class=\"has-text-align-left\" data-align=\"left\">Louis FRUCHARD (1998-1999)<\/td><td class=\"has-text-align-center\" data-align=\"center\"><img loading=\"lazy\" decoding=\"async\" src=\"http:\/\/fshds.fr\/2017\/1657266404342\/wp-content\/uploads\/2017\/02\/arches.jpg\" alt=\"\" width=\"111\" height=\"109\"><\/td><td>Pierre ARCHES (1999-2009)<\/td><\/tr><tr><td class=\"has-text-align-center\" data-align=\"center\"><img loading=\"lazy\" decoding=\"async\" width=\"111\" height=\"144\" src=\"http:\/\/fshds.fr\/2017\/1657266404342\/wp-content\/uploads\/2017\/02\/lenne.jpg\" alt=\"\"><\/td><td class=\"has-text-align-left\" data-align=\"left\">Guy-Marie LENNE (2009- &#8230;)<\/td><td class=\"has-text-align-center\" data-align=\"center\"><\/td><td><\/td><\/tr><\/tbody><\/table><\/figure>\n\n\n\n<p><span style=\"font-size: 14px;\">Chaque ann\u00e9e, depuis la fondation de la F\u00e9d\u00e9ration, le congr\u00e8s d\u00e9partemental se d\u00e9roule dans une ville diff\u00e9rente. En 2018, le Congr\u00e8s a pris un nouveau nom : Journ\u00e9e de l&rsquo;Histoire en Deux-S\u00e8vres.<br><\/span><\/p>\n\n\n\n<div class=\"wp-block-columns is-layout-flex wp-container-core-columns-is-layout-9d6595d7 wp-block-columns-is-layout-flex\">\n<div class=\"wp-block-column is-layout-flow wp-block-column-is-layout-flow\" style=\"flex-basis:15%\">\n<p><\/p>\n<\/div>\n\n\n\n<div class=\"wp-block-column is-layout-flow wp-block-column-is-layout-flow\">\n<figure class=\"wp-block-table is-style-stripes\"><table><tbody><tr><td>&nbsp;<\/td><td><strong>Villes<\/strong><\/td><td><strong>Ann\u00e9es<\/strong><\/td><\/tr><tr><td>1\u00e8re<\/td><td>Niort<\/td><td>1968<\/td><\/tr><tr><td>2<sup>e<\/sup><\/td><td>Melle<\/td><td>1969<\/td><\/tr><tr><td>3<sup>e<\/sup><\/td><td>Saint-Maixent-L&rsquo;Ecole<\/td><td>1970<\/td><\/tr><tr><td>4<sup>e<\/sup><\/td><td>Bressuire<\/td><td>1971<\/td><\/tr><tr><td>5<sup>e<\/sup><\/td><td>Niort<\/td><td>1972<\/td><\/tr><tr><td>6<sup>e<\/sup><\/td><td>Mauz\u00e9-sur-le-Mignon<\/td><td>1973<\/td><\/tr><tr><td>7<sup>e<\/sup><\/td><td>Melle<\/td><td>1974<\/td><\/tr><tr><td>8<sup>e<\/sup><\/td><td>Bressuire<\/td><td>1975<\/td><\/tr><tr><td>9<sup>e<\/sup><\/td><td>Thouars<\/td><td>1976<\/td><\/tr><tr><td>10<sup>e<\/sup><\/td><td>Champdeniers<\/td><td>1977<\/td><\/tr><tr><td>11<sup>e<\/sup><\/td><td>Saint-Maixent-L&rsquo;Ecole<\/td><td>1978<\/td><\/tr><tr><td>12<sup>e<\/sup><\/td><td>Maul\u00e9on<\/td><td>1979<\/td><\/tr><tr><td>13<sup>e<\/sup><\/td><td>Maul\u00e9on<\/td><td>1980<\/td><\/tr><tr><td>14<sup>e<\/sup><\/td><td>Niort<\/td><td>1981<\/td><\/tr><tr><td>15<sup>e<\/sup><\/td><td>Bressuire<\/td><td>1982<\/td><\/tr><tr><td>16<sup>e<\/sup><\/td><td>Thouars<\/td><td>1983<\/td><\/tr><tr><td>17<sup>e<\/sup><\/td><td>Melle<\/td><td>1984<\/td><\/tr><tr><td>18<sup>e<\/sup><\/td><td>Saint-Maixent-L&rsquo;Ecole<\/td><td>1985<\/td><\/tr><tr><td>19<sup>e<\/sup><\/td><td>Niort<\/td><td>1986<\/td><\/tr><tr><td>20<sup>e<\/sup><\/td><td>Bressuire<\/td><td>1987<\/td><\/tr><tr><td>21<sup>e<\/sup><\/td><td>Thouars<\/td><td>1988<\/td><\/tr><tr><td>22<sup>e<\/sup><\/td><td>Maul\u00e9on<\/td><td>1989<\/td><\/tr><tr><td>23<sup>e<\/sup><\/td><td>Saint-Maixent-L&rsquo;Ecole<\/td><td>1990<\/td><\/tr><tr><td>24<sup>e<\/sup><\/td><td>Niort<\/td><td>1991<\/td><\/tr><tr><td>25<sup>e<\/sup><\/td><td>Melle<\/td><td>1992<\/td><\/tr><tr><td>26<sup>e<\/sup><\/td><td>Bressuire<\/td><td>1993<\/td><\/tr><tr><td>27<sup>e<\/sup><\/td><td>Thouars<\/td><td>1994<\/td><\/tr><tr><td>28<sup>e<\/sup><\/td><td>Mauz\u00e9-sur-le-Mignon<\/td><td>1995<\/td><\/tr><tr><td>29<sup>e<\/sup><\/td><td>Niort<\/td><td>1996<\/td><\/tr><tr><td>30<sup>e<\/sup><\/td><td>Parthenay<\/td><td>1997<\/td><\/tr><tr><td>31<sup>e<\/sup><\/td><td>Maul\u00e9on<\/td><td>1998<\/td><\/tr><tr><td>32<sup>e<\/sup><\/td><td>Parthenay<\/td><td>1999<\/td><\/tr><tr><td>33<sup>e<\/sup><\/td><td>Saint-Maixent-L&rsquo;Ecole<\/td><td>2000<\/td><\/tr><tr><td>34<sup>e<\/sup><\/td><td>Bressuire<\/td><td>2001<\/td><\/tr><tr><td>35<sup>e<\/sup><\/td><td>Thouars<\/td><td>2002<\/td><\/tr><tr><td>36<sup>e<\/sup><\/td><td>Melle<\/td><td>2003<\/td><\/tr><tr><td>37<sup>e<\/sup><\/td><td>Parthenay<\/td><td>2004<\/td><\/tr><tr><td>38<sup>e<\/sup><\/td><td>Niort<\/td><td>2005<\/td><\/tr><tr><td>39<sup>e<\/sup><\/td><td>Maul\u00e9on<\/td><td>2006<\/td><\/tr><tr><td>40<sup>e<\/sup><\/td><td>Saint-Maixent-L&rsquo;Ecole<\/td><td>2007<\/td><\/tr><tr><td>41<sup>e<\/sup><\/td><td>Combrand<\/td><td>2008<\/td><\/tr><tr><td>42<sup>e<\/sup><\/td><td>Parthenay<\/td><td>2009<\/td><\/tr><tr><td>43<sup>e<\/sup><\/td><td>Mauz\u00e9-sur-le-Mignon<\/td><td>2010<\/td><\/tr><tr><td>44<sup>e<\/sup><\/td><td>Bressuire<\/td><td>2011<\/td><\/tr><tr><td>45<sup>e<\/sup><\/td><td>Parthenay<\/td><td>2012<\/td><\/tr><tr><td>46<sup>e<\/sup><\/td><td>B\u00e9celeuf<\/td><td>2013<\/td><\/tr><tr><td>47<sup>e<\/sup><\/td><td>Niort<\/td><td>2014<\/td><\/tr><tr><td>48<sup>e<\/sup><\/td><td>Maul\u00e9on<\/td><td>2015<\/td><\/tr><tr><td>49<sup>e<\/sup><\/td><td>Thouars<\/td><td>2016<\/td><\/tr><tr><td>50<sup>e<\/sup><\/td><td>Saint-Maixent-L&rsquo;Ecole<\/td><td>2017<\/td><\/tr><tr><td>1<sup>\u00e8re<\/sup><\/td><td>Mauz\u00e9-sur-le-Mignon<\/td><td>2018<\/td><\/tr><tr><td>2<sup>e<\/sup><\/td><td>B\u00e9celeuf<\/td><td>2019<\/td><\/tr><tr><td>3<sup>e<\/sup><\/td><td>Bressuire<\/td><td>2021<\/td><\/tr><tr><td>4<sup>e<\/sup><\/td><td>Niort<\/td><td>2022<\/td><\/tr><tr><td>5<sup>e<\/sup><\/td><td>Thouars<\/td><td>2023<\/td><\/tr><tr><td>6<sup>e<\/sup><\/td><td>Saint-Maixent-L&rsquo;Ecole<\/td><td>2024<\/td><\/tr><tr><td>7<sup>e<\/sup><\/td><td>Parthenay<\/td><td>2025<\/td><\/tr><\/tbody><\/table><\/figure>\n\n\n\n<p><\/p>\n\n\n\n<p><\/p>\n<\/div>\n\n\n\n<div class=\"wp-block-column is-layout-flow wp-block-column-is-layout-flow\" style=\"flex-basis:15%\">\n<p><\/p>\n<\/div>\n<\/div>\n","protected":false},"excerpt":{"rendered":"<p>La F\u00e9d\u00e9ration des Soci\u00e9t\u00e9s Savantes et Culturelles des Deux-S\u00e8vres est n\u00e9e officiellement le 24 avril 1968. Elle est l\u2019\u0153uvre du Dr Louis MERLE, qui \u00e9tait \u00e0 l&rsquo;\u00e9poque pr\u00e9sident de la Soci\u00e9t\u00e9 Historique et Scientifique des Deux-S\u00e8vres. La philosophie de cette F\u00e9d\u00e9ration est alors de promouvoir et de coordonner les activit\u00e9s des soci\u00e9t\u00e9s qui lui sont&hellip; <br \/> <a class=\"read-more\" href=\"https:\/\/fshds.fr\/site\/historique\/\">Lire la suite<\/a><\/p>\n","protected":false},"author":1,"featured_media":0,"parent":0,"menu_order":2,"comment_status":"closed","ping_status":"closed","template":"","meta":{"_seopress_robots_primary_cat":"","_seopress_titles_title":"","_seopress_titles_desc":"","_seopress_robots_index":"","footnotes":""},"class_list":["post-108","page","type-page","status-publish","hentry"],"_links":{"self":[{"href":"https:\/\/fshds.fr\/site\/wp-json\/wp\/v2\/pages\/108","targetHints":{"allow":["GET"]}}],"collection":[{"href":"https:\/\/fshds.fr\/site\/wp-json\/wp\/v2\/pages"}],"about":[{"href":"https:\/\/fshds.fr\/site\/wp-json\/wp\/v2\/types\/page"}],"author":[{"embeddable":true,"href":"https:\/\/fshds.fr\/site\/wp-json\/wp\/v2\/users\/1"}],"replies":[{"embeddable":true,"href":"https:\/\/fshds.fr\/site\/wp-json\/wp\/v2\/comments?post=108"}],"version-history":[{"count":42,"href":"https:\/\/fshds.fr\/site\/wp-json\/wp\/v2\/pages\/108\/revisions"}],"predecessor-version":[{"id":4251,"href":"https:\/\/fshds.fr\/site\/wp-json\/wp\/v2\/pages\/108\/revisions\/4251"}],"wp:attachment":[{"href":"https:\/\/fshds.fr\/site\/wp-json\/wp\/v2\/media?parent=108"}],"curies":[{"name":"wp","href":"https:\/\/api.w.org\/{rel}","templated":true}]}}